 factors of s(-1)?
3, 5, 97
Let p(x) = 4*x**2 + 25*x + 6447. List the prime factors of p(0).
3, 7, 307
Let x(d) = -d**3 + 14*d**2 + 9*d + 10. Let l be -1*39/(-3) + 2*-1. Let r be x(l). Suppose -2*w - 2*w = -r. List the prime factors of w.
2, 59
Suppose 11*c = 10*c - 3, 2*g - 6*c - 8976 = 0. What are the prime factors of g?
3, 1493
Suppose -a - 21 = 5*k - 5, -3*k - 12 = 0. Suppose -6 = -q - 2. List the prime factors of ((-54)/a - 5)/((-2)/q).
37
Let x = 58 + -44. Suppose -c + 21 - 4 = 2*y, -4*y + 5*c + 41 = 0. Suppose -y*s = -x*s + 960. What are the prime factors of s?
2, 3
Let o(y) = y**3 + 9*y + 24. Let j be o(12). Suppose -2*d + u = -721, 5*d - u - j = -56. List the prime factors of d.
19
Let i be 11 - (14 - (6 + 1)). Suppose -3*o - 3549 = -3*s, -s - i*s = 2*o - 5908. What are the prime factors of s?
2, 3, 197
Suppose -3*x = -32 - 7. Suppose 7704 = 5*h + x*h. Let r = -163 + h. List the prime factors of r.
5, 53
Let u(f) = -201*f - 59. Let d be u(-4). Let k = 1232 - d. List the prime factors of k.
487
Let m = -2295 - -2299. Let k be (-2 - 0 - 95)*-1. What are the prime factors of k - (0 - (m/(-4) - 0))?
2, 3
Let v = 85 - 15. Suppose -7*z + 7 + v = 0. Suppose 74 = z*s - 883. What are the prime factors of s?
3, 29
Suppose 11*s - 3*a = 10*s + 71821, 5*s + 4*a - 358991 = 0. List the prime factors of s.
59, 1217
Suppose -5*y = -5*o + 91735, -317*o = -319*o - 3*y + 36709. List the prime factors of o.
2, 5, 367
Let l = -113 - -135. Suppose -l*b + 5168 = -3*b. What are the prime factors of b?
2, 17
Suppose 26366 = 3*l + 5*f - 55391, 4*l - 109018 = 2*f. List the prime factors of l.
2, 13627
Suppose m = u + 391 - 90, -918 = -3*m - 2*u. Suppose -4*f + m = 12. List the prime factors of f.
73
Let c(z) = 14*z**2 + 7*z + 29. Let i be c(-3). Suppose 2*y = 6*y + 4*o - 456, -3*o - i = -y. What are the prime factors of y?
7, 17
Suppose 5*m - 43075 = 3*s, -5*s - 8593 = 7*m - 8*m. What are the prime factors of m?
2, 31, 139
Suppose 4*q = 3*x - 13319, -q - 26355 + 8592 = -4*x. List the prime factors of x.
4441
Let w = 254 + -181. Suppose 10*o - 413 = -w. What are the prime factors of o?
2, 17
Suppose -8 = -4*x, 0 = -3*j + 4*j - 2*x + 80. Let g = j + 105. What are the prime factors of g?
29
Let g = 861 - 489. List the prime factors of 3 - g/(-8) - 1/2.
7
Let a(r) = -r**3 + r**2 + 20*r + 13. Let f be a(-5). List the prime factors of (-18)/f - 4748/(-7).
2, 3, 113
Let w be (315/(-7))/(3/(-12)). What are the prime factors of 321948/w + (-6)/10?
2, 3, 149
Let z(x) = -7*x - 54. Let v be z(-17). Suppose -4*n = 9*n + v. What are the prime factors of (50/8)/n*-52?
5, 13
Let o = 817 + 438. Let l = 1 + o. What are the prime factors of l?
2, 157
Suppose -93*t + 965056 = -23*t - 642844. List the prime factors of t.
2, 5, 2297
List the prime factors of (-2 - 784)*17/85*-5.
2, 3, 131
Let j(z) be the third derivative of 11*z**4/24 + z**3 + 4*z**2. Let c be j(4). Suppose -3*q - 8 = -c. List the prime factors of q.
2, 7
Suppose -4*x + 49 = -f, -6*x = 5*f - 7*x + 150. Let s = 4 - f. List the prime factors of s.
3, 11
Suppose -1266*u + 1293*u - 933282 = 0. List the prime factors of u.
2, 3, 7, 823
Let n be (-5 + 3)/(((-3)/19)/(-3)). Let u = 5 - n. Let k = 49 - u. What are the prime factors of k?
2, 3
Let o = -11159 + 22364. List the prime factors of o.
3, 5, 83
Let f(u) = 10*u**2 + 4*u - 22. Suppose -128*g = -127*g - 3. Let v be f(g). Let t = 110 - v. What are the prime factors of t?
2, 3, 5
What are the prime factors of (-13)/(1820/338040)*(-14)/3?
2, 3, 313
Let z be (-48)/12*2/(-4). Suppose 5*j - p - 1062 - 537 = 0, -z*j = p - 634. List the prime factors of j.
11, 29
Suppose -8*t + 1953 = t. Suppose 5*s - 2*s + 4*i = 298, 0 = 2*s - i - t. What are the prime factors of s?
2, 53
Suppose 4*w - 8 = 2*u, -8*w + 3*w = 2*u - 10. Suppose 0*b = -3*b - 288. What are the prime factors of (b/(-60))/(w/55)?
2, 11
Let k = 48 - 35. Let s be 17 - k - (-1 - -1). List the prime factors of 26*5 + 0 + s + -7.
127
Let d = 12004 - -16059. List the prime factors of d.
7, 19, 211
Suppose -222650 = -3*s + 4*k, s + 0*k + 3*k = 74195. Let o be s/35 + 0 - 2/7. What are the prime factors of (o/50)/((-2)/(-10))?
2, 53
Let w = 42729 + -28786. List the prime factors of w.
73, 191
Let k(x) be the second derivative of -13/2*x**2 + 0 + 6*x + 8/3*x**4 - 3/2*x**3. What are the prime factors of k(-2)?
7, 19
Let j(p) = 23*p**2 - p - 1. Let q be 22/(-8) + (-9)/(-12). Let a be j(q). Suppose 0 = 3*t + 18 - a. What are the prime factors of t?
5
Let a = -6584 + 12087. Let z(w) = a*w**2 - 4*w - 5446*w**2 + 0*w + 7. What are the prime factors of z(2)?
227
Suppose 3*q + 2*h - 684 = -3*h, 30 = 5*h. List the prime factors of q.
2, 109
Suppose g = 2*n - 1, -2*g - 3 = -3*g. Let t(m) = -m**3 + 12*m**2 + 11*m - 6. Let f be t(12). Suppose -104 = -n*r + f. List the prime factors of r.
5, 23
Let b(c) = -3*c**3 - 2*c**2 - 20*c. Suppose -i - 3 = -4*k, 2*i + 5*k + 12 = i. List the prime factors of b(i).
3, 7, 17
Suppose -79400 = -5*u + 38043 + 81857. List the prime factors of u.
2, 5, 1993
Let t(a) = 16*a**2 - 12*a + 16. Suppose -18*c + 5*s + 21 = -16*c, 5*c = 2*s + 42. List the prime factors of t(c).
2, 59
Let i be (-2)/14 - -2*(-720)/(-35). Suppose 39*j = i*j - 768. List the prime factors of j.
2, 3
Let y be 2972/11 + (-14)/77. Let q = y + -129. Suppose -4*v - 15 = -l, 5*v - 59 = 4*l - q. List the prime factors of l.
23
Let y = -13 + -32. What are the prime factors of (958/10 - 0)/((-9)/y)?
479
Suppose -2*l + 0*l = 5*t - 852, 4*l = -t + 174. Let y = 63 + t. List the prime factors of y.
233
Let w(m) = m**2 + 61*m + 532. Let k be w(-10). Let p(n) = -3*n - 1. Let i be p(-6). Suppose -k*q = -i*q - 415. List the prime factors of q.
83
Let h(x) = -3979*x - 2272. List the prime factors of h(-16).
2, 3, 1279
Suppose -2*y + 9265 = -5*a - 20103, -2*y + 29352 = 3*a. What are the prime factors of y?
3, 7, 233
Suppose 4*v - 3*v = -4*f + 4802, 2*f + 9614 = 2*v. Suppose 10*n = v - 1426. List the prime factors of n.
2, 13
Suppose 11*j - 34719 - 33008 = 0. List the prime factors of j.
47, 131
Let c be (-12)/(-3) + -2 + 3. Suppose -5*y + 2*b + 3413 = 0, -1984 = -4*y - c*b + 753. List the prime factors of y.
683
Suppose 229*a - 1687903 = 1041623 + 688757. List the prime factors of a.
11, 23, 59
Suppose 723*j - 100 = 728*j. What are the prime factors of (2/(-5) - 8768/j) + 1?
439
Suppose -v = 3*o - 3899, -431*o + 427*o - 5*v = -5217. What are the prime factors of o?
2, 11, 59
Let c be 4*3/(-6) + 9. Let v(o) be the first derivative of 4*o**3/3 - 9*o**2/2 + 8*o + 9. List the prime factors of v(c).
3, 47
Suppose -116425 = -14*a + 237793 + 22536. List the prime factors of a.
17, 1583
Suppose -4*r = 4*v - 45256, -16*v = -11*v + 4*r - 56570. List the prime factors of v.
2, 5657
Let v be 8*(11/(-2) + 5). Let y(p) = -p**3 - 3*p**2 - 5*p. What are the prime factors of y(v)?
2, 3
Suppose 99*v - 11037936 = -48*v. What are the prime factors of v?
2, 13, 19
Let w be (-30)/((-9)/(-6) - 2). Let q = -12 - w. List the prime factors of 4/2 + (7 - q).
3
Suppose -4*g - 3*z - 19 = 0, -13 = g + 3*g + 5*z. Let d be (g/(-21))/((-1)/(-183)). Let a = 102 + d. List the prime factors of a.
163
Let m = -19294 + 28886. Suppose -14*c = -m + 92136. List the prime factors of 4/(-14) + c/(-154).
2, 19
Suppose 0 = -95*a + 94*a - 5*c + 74297, 4*a + 5*c = 297218. List the prime factors of a.
3, 17, 31, 47
Suppose 16 = j + 3*j. Suppose -5 = -j*q - 1. List the prime factors of q*2*(-2886)/(-52).
3, 37
Suppose -96 = 3*q - 102, 4*j - 25176 = 4*q. List the prime factors of j.
2, 787
Let b = 2935 - -34539. What are the prime factors of b?
2, 41, 457
Let y(m) = 2*m**3 - 4*m**2 - 7*m + 3. Let b = -14 - -62. Let g = -43 + b. List the prime factors of y(g).
2, 59
Suppose 5*j = 3*j + b + 6, 4*j = 3*b + 10. Suppose 10*t - 5*t - 2*k - 3056 = 0, j*k - 2428 = -4*t. List the prime factors of t.
2, 5, 61
Let k = 13284 - 6459. List the prime factors of k.
3, 5, 7, 13
Let x = -33274 + 34935. What are the prime factors of x?
11, 151
Let c(f) = f**2 - 10*f + 4. Let j be 47/7 + (-4)/(-14). Let i be c(j). Let s = i - -28. List the prime factors of s.
11
Let f(s) = -s**2 + 99. Let v(o) = -5*o + 5. Let b be v(-7). Let a = 40 - b. List the prime factors of f(a).
3, 11
What are the prime factors of (-7)/(7/(-220))*